, 37317073
List the prime factors of 172992041.
1009, 171449
List the prime factors of 23351678.
2, 7, 73, 313
What are the prime factors of 1620656193?
3, 13, 41555287
What are the prime factors of 5491772579?
5491772579
List the prime factors of 260956812.
2, 3, 149, 145949
What are the prime factors of 714089730?
2, 3, 5, 19, 103, 12163
List the prime factors of 89487290.
2, 5, 509, 17581
What are the prime factors of 9481675?
5, 7, 54181
What are the prime factors of 144840969?
3, 7, 13, 17, 101, 103
List the prime factors of 833041153.
7, 29, 4103651
List the prime factors of 6194687007.
3, 41, 113, 277, 1609
What are the prime factors of 1413241131?
3, 53, 8888309
List the prime factors of 11117413.
19, 137, 4271
List the prime factors of 230826408.
2, 3, 17, 43, 59, 223
List the prime factors of 5969039.
997, 5987
List the prime factors of 1358237648.
2, 19, 4467887
What are the prime factors of 41158497?
3, 131, 104729
What are the prime factors of 111137016?
2, 3, 4630709
List the prime factors of 439461967.
7, 239, 347, 757
List the prime factors of 721692757.
7229, 99833
List the prime factors of 17236129.
17236129
List the prime factors of 122485949.
122485949
What are the prime factors of 885213193?
885213193
List the prime factors of 806721243.
3, 3541, 75941
List the prime factors of 136300729.
136300729
What are the prime factors of 3511965955?
5, 702393191
List the prime factors of 742169060.
2, 5, 23, 1613411
What are the prime factors of 472463282?
2, 236231641
List the prime factors of 82801582.
2, 19, 53, 41113
What are the prime factors of 13559636?
2, 821, 4129
List the prime factors of 278659728.
2, 3, 37, 52301
List the prime factors of 148876276.
2, 17, 2189357
List the prime factors of 541378541.
11, 373, 131947
List the prime factors of 2705047911.
3, 37, 8123267
List the prime factors of 71839745.
5, 67, 131, 1637
List the prime factors of 164992067.
19, 8683793
List the prime factors of 1725320755.
5, 4591, 75161
List the prime factors of 13206113.
109, 121157
What are the prime factors of 389969522?
2, 31, 293, 21467
List the prime factors of 31221942.
2, 3, 463, 11239
What are the prime factors of 435644930?
2, 5, 7, 137, 45427
List the prime factors of 30907760.
2, 5, 13, 113, 263
What are the prime factors of 189639708?
2, 3, 1907, 8287
What are the prime factors of 88992841?
7, 17, 747839
What are the prime factors of 19918877?
11, 557, 3251
What are the prime factors of 17974836?
2, 3, 11, 19, 2389
List the prime factors of 1505230538.
2, 7, 23, 59, 79231
List the prime factors of 111297346.
2, 55648673
List the prime factors of 5200927015.
5, 37, 28113119
List the prime factors of 999681584.
2, 11, 5680009
List the prime factors of 325634495.
5, 2287, 28477
List the prime factors of 818923075.
5, 32756923
List the prime factors of 480029689.
139, 3453451
List the prime factors of 540863904.
2, 3, 7, 804857
What are the prime factors of 56168688?
2, 3, 41, 28541
What are the prime factors of 31388489?
11, 149, 1741
What are the prime factors of 677030320?
2, 5, 8462879
What are the prime factors of 648019?
648019
What are the prime factors of 461196902?
2, 1693, 136207
List the prime factors of 6800197172.
2, 383, 4438771
List the prime factors of 707567225.
5, 53, 534013
List the prime factors of 46426460.
2, 5, 151, 15373
List the prime factors of 574063564.
2, 53, 2707847
List the prime factors of 72454466.
2, 7, 1229, 4211
List the prime factors of 197399499.
3, 11, 467, 12809
What are the prime factors of 996870104?
2, 71, 257, 6829
What are the prime factors of 38375120?
2, 5, 7, 17, 29, 139
List the prime factors of 538235158.
2, 449, 599371
What are the prime factors of 957264820?
2, 5, 1237, 38693
What are the prime factors of 1985601761?
11, 13, 103, 113, 1193
List the prime factors of 24780738.
2, 3, 4130123
What are the prime factors of 49558883?
11, 29, 337, 461
List the prime factors of 3670183543.
13, 282321811
What are the prime factors of 306095240?
2, 5, 11, 31, 22441
List the prime factors of 124331535.
3, 5, 19, 145417
List the prime factors of 114945638.
2, 4733, 12143
List the prime factors of 2988483.
3, 996161
List the prime factors of 418283729.
83, 379, 13297
List the prime factors of 32881679.
29, 1133851
What are the prime factors of 313839783?
3, 439, 79433
List the prime factors of 273121505.
5, 5309, 10289
List the prime factors of 100577614.
2, 631, 79697
What are the prime factors of 5728170972?
2, 3, 359, 409, 3251
What are the prime factors of 36241793?
7, 29, 178531
What are the prime factors of 92985958?
2, 13, 37, 163, 593
What are the prime factors of 1573639605?
3, 5, 34969769
What are the prime factors of 149500732?
2, 4871, 7673
List the prime factors of 101288093.
101288093
What are the prime factors of 2485289235?
3, 5, 11, 13, 1158643
What are the prime factors of 118386951?
3, 79, 499523
List the prime factors of 243777693.
3, 191, 425441
What are the prime factors of 444547903?
1621, 274243
What are the prime factors of 1080323238?
2, 3, 180053873
What are the prime factors of 1879121420?
2, 5, 11, 31, 275531
What are the prime factors of 26032495?
5, 733, 7103
What are the prime factors of 159589755?
3, 5, 13, 23, 29, 409
What are the prime factors of 1537653109?
19, 23, 29, 121333
What are the prime factors of 2576267905?
5, 2393, 215317
What are the prime factors of 2201368717?
383, 5747699
List the prime factors of 6195910153.
3727, 1662439
List the prime factors of 2017855855.
5, 71, 5684101
What are the prime factors of 301004855?
5, 71, 847901
List the prime factors of 9584567.
2543, 3769
List the prime factors of 6427683.
3, 17, 43, 977
What are the prime factors of 366544491?
3, 23, 601, 8839
What are the prime factors of 783661706?
2, 139, 367, 7681
List the prime factors of 83367514.
2, 41, 137, 181
List the prime factors of 174700354.
2, 87350177
List the prime factors of 262462529.
7, 37494647
What are the prime factors of 860274004?
2, 499, 430999
List the prime factors of 22137931.
22137931
List the prime factors of 74953777.
29, 59, 71, 617
What are the prime factors of 23230359?
3, 421, 6131
What are the prime factors of 265911627?
3, 61, 521, 2789
List the prime factors of 8630939.
47, 183637
List the prime factors of 647381900.
2, 5, 11, 588529
What are the prime factors of 1693150059?
3, 19, 3251, 9137
What are the prime factors of 1432677055?
5, 89, 3219499
What are the prime factors of 110664316?
2, 7, 23, 227, 757
List the prime factors of 247222243.
19, 13011697
List the prime factors of 697580297.
29, 24054493
List the prime factors of 205697619.
3, 773, 29567
What are the prime factors of 345727382?
2, 7, 11, 13, 19, 61, 149
List the prime factors of 68814309.
3, 149, 153947
List the prime factors of 51811082.
2, 61, 167, 2543
List the prime factors of 59939272.
2, 67, 111827
List the prime factors of 737161342.
2, 368580671
What are the prime factors of 2379745904?
2, 43, 3458933
What are the prime factors of 3359032855?
5, 671806571
What are the prime factors of 1807754440?
2, 5, 29, 1558409
List the prime factors of 76863333.
3, 131, 195581
What are the prime factors of 3548751161?
739, 4802099
List the prime factors of 335271604.
2, 83817901
What are the prime factors of 682828097?
7, 53, 103, 107, 167
What are the prime factors of 8506304229?
3, 17, 166790279
What are the prime factors of 170677643?
170677643
What are the prime factors of 61219583?
23, 115727
What are the prime factors of 54635654?
2, 17, 127, 12653
List the prime factors of 43095910.
2, 5, 11, 13, 30137
What are the prime factors of 6424471189?
79561, 80749
List the prime factors of 13850485.
5, 11, 23, 10949
What are the prime factors of 55204738?
2, 23, 31, 38713
What are the prime factors of 200782039?
200782039
What are the prime factors of 137052062?
2, 7, 17, 575849
List the prime factors of 2388439428.
2, 3, 199036619
What are the prime factors of 3209257302?
2, 3, 534876217
What are the prime factors of 255412741?
255412741
What are the prime factors of 2165659254?
2, 3, 11, 19, 23, 103
What are the prime factors of 389240608?
2, 12163769
What are the prime factors of 26941699?
661, 40759
List the prime factors of 125051264.
2, 13, 223, 337
What are t